culate the remainder when 24 + 4/(-1) + 5 is divided by j(5).
11
Let d = 25 - 41. Let n = -1 + 4. What is the remainder when ((-12)/d)/(3/36) is divided by n?
0
Let a(m) = -2*m - 4. Calculate the remainder when 61 is divided by a(-10).
13
Let h = 3 - -13. Let z = -6 + h. Calculate the remainder when z is divided by 4.
2
Let m = -1 - -9. Let h(b) = 6*b**2 + b - 2. Let n be h(2). Let i = n - m. Calculate the remainder when 31 is divided by i.
15
Let a(y) = 12*y - 11. What is the remainder when a(2) is divided by 8?
5
Let w(b) = -8*b - 1. Let u(z) = 21*z**2 - 2*z + 1. Let v be (0 - -1) + 2 + -2. What is the remainder when u(v) is divided by w(-1)?
6
Suppose 0 = -5*m + 10, 3*m + 3 = 2*a - 3. Suppose -5*t - 3*z + 0 = -a, 2*z = -6. Calculate the remainder when t is divided by 1.
0
Let u = -28 + 56. Calculate the remainder when u is divided by 12.
4
Let q(j) = 10*j + 3. Suppose -4*b = 2*s + 3*s - 170, 4*b = 0. Suppose -3*x + 5 + 36 = 5*w, -2*w = -3*x + s. Calculate the remainder when q(3) is divided by x.
9
Let n(k) = 14*k + 3. Let q be n(-2). Let u = 9 + q. Let v = -7 - u. What is the remainder when 17 is divided by v?
8
Suppose 8*l - 194 = -58. Suppose -3*j + 3 = -24. What is the remainder when l is divided by j?
8
Let f be (-1)/(-2)*(10 - 2). Suppose -j + f*c = -87, -3*j + 248 = -0*c + c. Let u = j + -54. Calculate the remainder when u is divided by 15.
14
Suppose 0*a = -3*a + 105. Let h = -334 - -343. What is the remainder when a is divided by h?
8
Suppose f - 16 - 16 = 0. Let j(d) = -2*d + 1. Let u(y) = -y - 5. Let a be u(0). Calculate the remainder when f is divided by j(a).
10
Suppose -r = 4*r - 170. What is the remainder when 101 is divided by r?
33
Suppose -4*t + 47 = -213. Calculate the remainder when t is divided by 34.
31
Let j = 14 - 21. Calculate the remainder when 25 is divided by (8 - 6)*j/(-1).
11
Let y(v) = -2*v**2 - 16*v - 10. Calculate the remainder when 19 is divided by y(-7).
3
Suppose 2*b = b + 27. Suppose 2*p + 56 = 6*p. What is the remainder when b is divided by p?
13
Let v = 36 - 1. What is the remainder when v is divided by 1 + 4/(-12) - (-102)/9?
11
Let g = 38 + -12. Calculate the remainder when g is divided by 7.
5
Let r be 4/(-10)*(-20)/4. Suppose r*h - 11 = h. What is the remainder when 20 is divided by h?
9
Let g be 0 - -5 - (1 + 0). Calculate the remainder when (14/(-6))/(g/(-48)) is divided by 15.
13
Suppose a + 4*a - 30 = 0. Calculate the remainder when 16 is divided by a.
4
Suppose 5*v - 2*v - 18 = 0. Calculate the remainder when 1 is divided by (24/(-36))/((-4)/v).
0
Let z be (-2)/(-2)*(10 + -6). Suppose -w - w = -z. Let y = 4 - 3. Calculate the remainder when w is divided by y.
0
Suppose -2 = -5*o + k + 10, 30 = 5*o + 5*k. Suppose 0 = -2*i + 2*g + 4, i - o*i + 12 = 2*g. Calculate the remainder when 5 is divided by i.
1
Let r(g) = -g**3 - 6*g**2 - 4*g + 2. Let j = 18 + -4. What is the remainder when r(-6) is divided by j?
12
Let t = 13 + -6. What is the remainder when 12 is divided by t?
5
Let x(w) = -w**2 - 8*w - 9. Let r be x(-7). Let g = 11 - r. What is the remainder when 24 is divided by g?
11
Suppose 5*f - 3*f = 64. Let l(g) = g**2 + g - 2. Let o be l(2). Let a = o + 13. What is the remainder when f is divided by a?
15
Let t = 19 + -11. Let o be (1/2)/((-3)/(-18)). Suppose 0 = o*b - 20 - 25. Calculate the remainder when b is divided by t.
7
Suppose 4*g = 21 - 5. Suppose -2*a = -g*d - 22, -5*d + 28 = 3. What is the remainder when a is divided by 12?
9
Let h(q) = -q**3 - 4*q**2 - q - 3. Let g be h(-3). Let v = 11 + g. What is the remainder when 122/16*v*4 is divided by 21?
19
Suppose u + 3*u = -5*q + 44, -3*q = -5*u + 18. Let m = 19 - 15. Calculate the remainder when u is divided by m.
2
Let k = -4 + 9. Suppose 4*o = t + 2*o, -5*t = 5*o - 30. What is the remainder when k is divided by t?
1
Suppose -2*c + 165 = 3*c. Let a = 47 - c. Let t(q) = q**2 - q - 1. Calculate the remainder when a is divided by t(3).
4
Let w(b) = 7*b. Let l = 1 - -2. What is the remainder when 61 is divided by w(l)?
19
Let m = 35 + 6. Suppose y = 14 + m. Calculate the remainder when y is divided by 19.
17
Let z = -20 - -23. Calculate the remainder when 11 is divided by z.
2
Let x be (-4)/(4 - 2) + -2. Let m = 3 - x. Calculate the remainder when 26 is divided by m.
5
Suppose -11 = -2*z + 4*o + 7, 2*o = -6. Suppose k + z*k = 84. What is the remainder when k is divided by 6?
3
Suppose 4*s = -0*s. Let j be 0/2 + s/(-2). Suppose -2*z - 3*z + 60 = j. What is the remainder when 23 is divided by z?
11
Let w(i) = -i + 26. Suppose -12 = 3*d + 5*g - 45, -11 = -d - 4*g. What is the remainder when 57 is divided by w(d)?
12
Let w(v) = v**2 + 6*v + 3. What is the remainder when w(-6) is divided by 3?
0
Let k = 23 + -13. Calculate the remainder when k is divided by 3.
1
Suppose -l - 2*r - r + 141 = 0, 4*l - r - 499 = 0. Calculate the remainder when l is divided by 32.
30
Let h(d) = d**3 + 5*d**2 - 5*d + 5. Let a be h(5). Suppose 109 + 75 = 4*j - 2*o, 5*j = o + a. What is the remainder when j is divided by 12?
10
Let n = -5 + 22. Suppose 4*f - 5*g = 153, -g + 1 - 6 = 0. What is the remainder when f/3*1*3 is divided by n?
15
Suppose -25*g - 88 = -21*g. What is the remainder when 37 is divided by 3 + -4 - 1 - g?
17
Let b(w) = w**2 - 2*w + 3. What is the remainder when (2/3)/(2/48) is divided by b(3)?
4
Let i(y) = -14*y**2 - 3*y + 1. Suppose 0 = -5*p + 1 - 16. Let d be i(p). Let x = -76 - d. What is the remainder when x is divided by 14?
12
Suppose 28*x - 84 = 22*x. Calculate the remainder when 23 is divided by x.
9
Suppose -13 + 43 = 5*o. Let u(a) be the first derivative of -a**4/4 + 7*a**3/3 - 3*a**2/2 + 7*a + 1. Calculate the remainder when u(o) is divided by 13.
12
What is the remainder when ((-2)/(-6))/((-7)/(-861)) is divided by 11?
8
Let o(d) = 24*d**3 + d**2. Let u be o(2). Let i(r) = -3*r + 91. What is the remainder when 4/10 - u/(-10) is divided by i(28)?
6
Suppose -4*d - 2*j = -6*d + 4, -2*j = -2. Let h be 0 - 1 - (-42)/14. Suppose 0 = -d*t - h + 26. Calculate the remainder when 23 is divided by t.
7
Suppose 45 = 5*q - 90. Let g = q - 17. Let i(l) = l**3 - 2*l**2 - 5*l + 6. What is the remainder when i(4) is divided by g?
8
Let u = -87 - -145. What is the remainder when u is divided by 15?
13
Let n(y) = 22*y. Let p be n(1). Let j = 19 - 7. Calculate the remainder when 3*(-3)/(-9) + p is divided by j.
11
Suppose 4*o = -1 + 9. Calculate the remainder when 3 is divided by o.
1
What is the remainder when ((-36)/(-2))/(1/1) is divided by 11?
7
Let x be 16/6 + (-6)/9. Suppose 21 = z + x*z. Calculate the remainder when 12 is divided by z.
5
Let k = 21 + -7. What is the remainder when 27 is divided by k?
13
Suppose 3*h + 16 = -5*f, h + 4*f = -h - 14. Let c = 5 + -5. Suppose c = 4*r - h - 101. What is the remainder when r is divided by 9?
8
Let i(h) = -h + 3 + 0*h + 2*h. Calculate the remainder when 23 is divided by i(3).
5
Let m(n) = 17 - 8*n - 6 - 3*n**2 - n**2 + 5*n**2. What is the remainder when 43 is divided by m(8)?
10
Let z be (-4)/22 + 105/33. Suppose -5 - z = -2*l. Calculate the remainder when 11 is divided by l.
3
Calculate the remainder when 91 is divided by (-30)/(-9)*(-144)/(-20).
19
Suppose i + 3*n - 2 = -4, 3*i - 34 = n. Let d(q) = -q + 1. Let c be d(0). What is the remainder when 52/(3 - c) - -2 is divided by i?
8
Let g = -31 + 16. Let l = 22 + g. Calculate the remainder when 27 is divided by l.
6
Let t = 1 + 16. What is the remainder when t is divided by 10?
7
Let c = -52 - -103. Calculate the remainder when 150 is divided by c.
48
Suppose -2*p - y + 5 = -7*p, 4*p - 3*y + 4 = 0. Calculate the remainder when 106*2/(-4)*(-3 - -2) is divided by (15/20)/(p/(-24)).
17
Let l(p) = -p**2 + p + 5. What is the remainder when 44 is divided by l(0)?
4
Suppose -291 + 31 = -4*g. Suppose 3*h = 3, -5*a + 5*h + g = -0*a. What is the remainder when a is divided by 4?
2
Let w(x) = -x**3 + 7*x**2 - 6*x + 2. Let a be w(6). Suppose 2*d - 4*s - 56 = -a*d, d - 11 = 4*s. Calculate the remainder when 59 is divided by d.
14
Suppose 0 = f + 1 + 1. Calculate the remainder when 6 is divided by (4/8)/(f/(-16)).
2
Let w(r) = -r**2 - 12*r - 9. Let a = -7 - -11. Calculate the remainder when a is divided by w(-11).
0
Suppose 3*s + 0 - 12 = 0. Calculate the remainder whe